its digit of z/(-49) - (-166)/14?
2
Let a = 127 - 76. What is the units digit of a?
1
Let g be ((-16)/6)/(3/9). Let f(m) = m**2 + 7*m + 10. What is the tens digit of f(g)?
1
Suppose -4 = 2*f + 4*n + 8, f + 4*n = -12. Let x = f - -6. What is the units digit of x?
6
Suppose -5*r = -0*r - 20. Suppose -5*q + b + 10 = -r*q, 2*q - 27 = -5*b. What is the units digit of q?
1
Let g(h) = -4*h**3 + 10*h**2 + 3*h + 3. Let q(z) = 5*z**3 - 11*z**2 - 3*z - 4. Let m = 18 + -13. Let o(s) = m*q(s) + 6*g(s). What is the units digit of o(-4)?
2
Suppose 0 = -3*b + 7 + 5. Suppose -2*i + 3*d = -1, -7 + 3 = 2*i - b*d. What is the units digit of i?
8
Suppose -3*v - 5*b = -8, -2*v - 5*b = -b - 6. Let n(i) = -2*i**3 + 0*i - v + 12*i**3 + i - i**2. What is the units digit of n(1)?
9
Suppose 18*l + 5*l - 4669 = 0. What is the units digit of l?
3
Suppose -4*h + 5*k = -0*k + 33, 2*k - 2 = 0. Let c(f) = f**3 + 8*f**2 + 4*f - 9. What is the tens digit of c(h)?
1
Let q(p) = 12*p + 2. Let f be q(3). Let m = f + -25. What is the units digit of m?
3
Suppose 4*h - 65 + 9 = 0. What is the units digit of (-189)/(-11) + h/(-77)?
7
Suppose 0*x = -4*x + 216. Let p be 2/4*1*x. What is the units digit of -1 + 3 - p/(-3)?
1
Let c(r) = -r**3 + 7*r**2 + 9*r - 4. Let n be c(8). Let o be (-2)/3 - 340/(-6). Suppose h - 8 = -q, 3*q + o = n*h + 3. What is the tens digit of h?
1
Let w = 0 - -2. Let o(k) = 3*k + w + 0 - 9. What is the units digit of o(5)?
8
Let g(d) = 1 + 12*d**3 - d - 4*d**3 - d**2 + 2*d**2. Let u be g(1). What is the units digit of 3*3*1/u?
1
Suppose 0 = -0*x + 3*x. Suppose s + 4*s = x. Suppose s = r + 5*h + 11, 7*h - 2*h = 3*r - 47. What is the units digit of r?
9
Let w(r) = -r**2 + 4*r + 7. Let b be w(5). Suppose 7*x - 25 = b*x. Suppose -x*u + 11 = -34. What is the units digit of u?
9
Suppose 0 = -t + 3*n + 17, t + 2*n = -0 + 7. Suppose 2*o - 6*o - 11 = -k, -5*o - 19 = -3*k. Suppose -t = -k*v + 4. What is the units digit of v?
5
Let a = 3 + -2. Let u(b) = 5*b**3 - b**2. What is the units digit of u(a)?
4
Let h(r) = -r**3 - r**2 + 97. What is the tens digit of h(0)?
9
Suppose -k - 2*k = -9. Suppose 0 = r - k*u + 5, 8*r - 3*u - 35 = 3*r. What is the tens digit of r?
1
Let o(f) = -2*f**3 - 47*f**2 + 12*f + 30. What is the hundreds digit of o(-24)?
3
Let y(q) = -q**3 + 7*q**2 - 3*q + 2. Let l be y(6). Let n = -12 + l. What is the units digit of n?
8
Let p be 3 - -1*(3 - 5). Let t(u) = 9*u**3 + 2*u - 1. What is the tens digit of t(p)?
1
Suppose 3*v + 873 = 3*m, 0 = -3*m + 2*v - 7*v + 849. What is the units digit of m?
8
Let r be (-1)/3 - 110/(-15). Suppose 3*k - 98 = r. What is the tens digit of k?
3
Suppose 0 = 5*a + y - 6 - 5, 3*y = 4*a - 5. Suppose 3*x - 47 + 20 = -a*k, 4*x + k - 31 = 0. Suppose 11 = 3*b - x. What is the units digit of b?
6
Let g(t) = -t**3 + 7*t**2 + 3*t + 2. Let b be g(7). Suppose 5*d - b = -3. Suppose -6*s + d*s = -18. What is the units digit of s?
9
Suppose 2*c - 11 = 5*w, w - 5 = -2*c - 0. Suppose -c*u = -3*g - 171, 2*u - 55 = u - g. What is the units digit of u?
6
Let t = -11 - -12. What is the units digit of (-3)/t - (-66)/3?
9
Let j(r) = -r**3 - r**2 + r + 3. What is the tens digit of j(-4)?
4
Let g be ((-15)/10)/(3/(-6)). Suppose -g*u - 32 = -83. What is the tens digit of u?
1
Let w(v) = 2*v - 1. Let u be w(2). Let t be 1/(-4) - 1/(-4). Suppose 4*n - 4*b + 8 = t, -2*b = -n - 10 + u. What is the units digit of n?
3
Let v(q) = -q**3 - 10*q**2 - 2*q - 15. Let k be v(-10). Suppose h = k*h - 8. Suppose -h*s - 10 = -22. What is the units digit of s?
6
Let n(a) be the second derivative of a**4/3 + a**3/2 + a**2/2 + 9*a. What is the tens digit of n(-4)?
5
Let d = 4 + -3. Let x = d - -14. What is the units digit of x?
5
Suppose 0 = -m + 2 + 6. Let l = m + -4. Suppose 4*t - 4 = 4*j, 7 = j + l. What is the units digit of t?
4
Suppose -6940 = -6*z + z. What is the tens digit of (-6)/45 + z/60?
2
Suppose -4*v + 324 = 4*g, 5*v - 2*v - 322 = -4*g. What is the units digit of g?
9
Let b(k) = -1. Let u(l) be the second derivative of l**3/3 + 7*l**2/2 + 2*l. Let z(s) = 2*b(s) + u(s). What is the units digit of z(4)?
3
Let a(j) = -j**2 - 8*j + 9. Let m be a(-9). Suppose m = -2*w + 4. What is the units digit of 0 - (w/(-2) - 4)?
5
Suppose 31 = 2*r + 7. Let h = -5 - -5. Let f = h + r. What is the tens digit of f?
1
Suppose -14*m = -520 + 86. What is the tens digit of m?
3
Suppose -4*p = 5*b - p + 10, 4*p = -3*b - 17. Let n = b + 1. Suppose 0 = 4*w + n*s - 6, 4*s = -w + s - 11. What is the units digit of w?
4
Let p(v) be the second derivative of -v**4/12 - 7*v**3/6 + v**2 + v. Let c(b) be the first derivative of p(b). What is the units digit of c(-5)?
3
Let u = -19 - -37. What is the units digit of u?
8
Let b(z) = z**3 - 2*z**2 + 2*z + 1. Let v be b(3). Let w = v - 4. What is the units digit of w?
2
What is the tens digit of (-3)/4 - (-844)/16?
5
Let v = -270 - -557. What is the units digit of v?
7
Let r = 22 + -18. What is the units digit of r?
4
Let n(r) = 0*r**2 + 5*r + 4*r**2 - r**2 - 4 + 0. Let b be n(-4). Let s = b + -15. What is the units digit of s?
9
Let u(n) = n**2 + 2*n + 1. Let y be u(-6). Suppose 0 = -2*a + 9 + y. What is the tens digit of a?
1
Let l(h) = 5*h**2 - 6*h + 30. What is the hundreds digit of l(5)?
1
Suppose -5*v = -6 - 4. What is the units digit of v?
2
Let w = -86 + 99. What is the units digit of w?
3
Let w = 45 + -23. Suppose 0 = -3*p + 1 - 4, -4*s + 2*p - w = 0. Let o(l) = -l - 3. What is the units digit of o(s)?
3
Let n = 6 - 3. Suppose -n*z + 17 + 22 = 0. What is the units digit of z?
3
Let b = 19 - 18. What is the units digit of (-3*3/(-9))/b?
1
Suppose 5*t = -2*c + 21, 0*t - 2*t + 3*c + 16 = 0. Suppose 0 = -s - 4*q - 0*q - 24, 0 = s - 4*q - 16. Let h = s + t. What is the units digit of h?
1
Suppose l = 2*l + 2. What is the tens digit of -3*l/4*20?
3
Suppose -5 + 7 = f. What is the units digit of f?
2
Let l = -1 + 3. Suppose -5*m - 3*j = l*j - 20, 4*m = -j + 13. Suppose -i + m = 2. What is the units digit of i?
1
Suppose 6*l - 5*l = 44. What is the units digit of l?
4
What is the units digit of (-5)/(-2)*((-185)/(-25) + 3)?
6
Suppose -16 = -4*y + 84. What is the tens digit of y?
2
Suppose -4*r + 11 + 5 = 0. Suppose r*z - 5*h = z - 14, -26 = -5*z - 4*h. Suppose 4 = -b, z*x = -x + 3*b + 54. What is the units digit of x?
4
Suppose -3*u - 8 = -35. Suppose -51 = -2*z - u. Suppose 3*t + 4 = 4*y + z, 2*y + 19 = 5*t. What is the units digit of t?
3
Let o(k) = -k**2 + 11*k - 11. Let m(t) = -2*t**2 + 23*t - 23. Let x(c) = -2*m(c) + 5*o(c). Let h be x(8). Let i = h + 7. What is the units digit of i?
6
Let q(g) = -4*g + 0*g - 6 + 3*g + 3*g. What is the units digit of q(9)?
2
Let t(k) = -k**3 - 2*k**2 - 3*k - 3. Let d be t(-2). Suppose -3*f = -a - 0*a - 13, d*f + 4*a - 38 = 0. What is the units digit of f?
6
Suppose -36 = -4*j - 2*x, -3*j + 27 = -0*j + x. What is the units digit of j?
9
What is the units digit of 76/13 - 2/(-13)?
6
Let c be (-18 + 0)*4/(-12). Let y be ((-2)/c)/((-3)/63). Let l = 19 - y. What is the units digit of l?
2
Let d(a) = 8*a - 2. Suppose 2 + 2 = 2*l. What is the units digit of d(l)?
4
Suppose 5 = 5*d + 5*n, 2*d - 4*n - 27 = -n. Suppose d*t - 82 - 2 = 0. What is the tens digit of t?
1
Suppose 3*p - 2*r = -38, -2*p - 3*r = 12 + 9. Let j be 75/p - (-2)/8. What is the units digit of j/(-4)*(-3 + 9)?
9
Let m(v) = v**3 - 2*v**2 - v + 3. Let q(i) = i**3 - 4*i**2 - 5*i + 3. Let r be q(5). Suppose r*f = -2*f + 15. What is the units digit of m(f)?
9
Suppose 18 = -3*l + l. Let b(y) = 5*y + 7. Let k be b(-6). Let f = l - k. What is the tens digit of f?
1
Let g = 8 - 4. Suppose g*j - 42 = j. What is the units digit of j?
4
Suppose 3*n = 2*j - 16, 0 = -3*j + n - 14 + 38. Suppose -37 = -0*a - 2*a - u, a - j = -4*u. What is the units digit of a?
0
Let t be (4/6)/((-4)/(-6)). Let l(o) = 24*o**3 + 2*o - 1. What is the units digit of l(t)?
5
Suppose 21 = 5*i - 14. What is the units digit of i?
7
Let m be (-2 - 82/4)*-2. Suppose 5*t - 2*g = 48, m + 7 = 4*t - 5*g. What is the units digit of t?
8
Let n(a) = -a**3 - 2*a**2 + 8*a + 12. What is the units digit of n(-5)?
7
Suppose 2*q - 6*q = -16. Let z = q - -2. What is the units digit of z?
6
What is the units digit of (-4)/(-6)*342/12?
9
Suppose 5*d + 5 - 10 = 0. Let n(z) = 6*z**3 + z. Let m be n(d). 